est common factor of q and 25.
5
Let y = -62 + 70. Suppose -5*p + 452 = 12. Calculate the highest common divisor of y and p.
8
Let k = 101 - 47. Calculate the greatest common factor of k and 6.
6
Suppose 4 = -3*p + 28. Suppose -v + 3*v = -p. Let z be (4/3)/(v/(-12)). Calculate the highest common factor of z and 16.
4
Let i(m) = -m**2 + 6*m + 4. Let t be i(5). Let q(g) = -3*g**3 - 2*g**2 - 3 - 6*g + 4 + 4*g**3. Let p be q(4). Calculate the highest common divisor of p and t.
9
Suppose l - 5*l + 1036 = 0. Suppose 4*o - 313 - l = 0. What is the highest common factor of 13 and o?
13
Suppose -5*i + 0 = -20. What is the highest common divisor of 12 and i?
4
Let w(o) = -10*o + 52. Let c(g) = -7*g + 35. Let x(k) = -7*c(k) + 5*w(k). Let n be x(8). Calculate the highest common divisor of n and 7.
7
Let y = 1002 + -552. Let j be y/8 - 2/8. Let b be 4 + -2 - (-4 - 2). Calculate the highest common divisor of j and b.
8
Let x be (-737)/(-7) + 16/(-56). Calculate the highest common factor of 42 and x.
21
Let y = -3 + 4. Suppose g - 3 = y. Suppose 0 = -4*j + g. Calculate the greatest common factor of j and 8.
1
Let f = 87 + -60. Suppose -2*u + 4*b + 18 = 0, 2*b - 3*b = u - 9. Calculate the greatest common factor of u and f.
9
Let v = -152 - -178. Suppose 78 = 4*s - 2*s. Calculate the greatest common factor of s and v.
13
Suppose -3*p + 75 = 2*p. Suppose -p + 3 = -2*l. What is the greatest common divisor of l and 9?
3
Suppose 4*n - 4*v + 32 = -n, n + 2*v = -12. Let l = 30 - 19. Let s = n + l. What is the greatest common divisor of 33 and s?
3
Suppose 17 = -t - 4*u + 63, 2*t + u = 99. Calculate the greatest common divisor of t and 10.
10
Let d be ((-12)/(-8))/((-3)/(-32)). What is the highest common factor of 4 and d?
4
Suppose -5*g - b + 2*b + 32 = 0, -23 = -2*g - 3*b. Let r = -109 - -165. What is the greatest common factor of r and g?
7
Let w be 5 - (-3)/(-6)*2. Calculate the greatest common divisor of w and 72.
4
Let s(o) = o**3 + 5*o**2 + 3. Let g be s(-4). What is the highest common factor of g and 38?
19
Let w be 80/(-200)*90/(-2). Suppose 29 = 2*c - 43. Suppose 0 = -d + 4*d - c. Calculate the greatest common divisor of d and w.
6
Suppose -5*m + 79 + 65 = -2*g, -2*m + 54 = -2*g. Calculate the highest common factor of m and 6.
6
Suppose -528 = m - 2*m. Suppose -m = -3*w - 129. Calculate the highest common divisor of w and 19.
19
Let c(m) = 2*m + 26. Let o be c(13). Calculate the greatest common divisor of 78 and o.
26
Let y(g) = 4*g**2 + g + 2. Let i be y(-2). Suppose -t = -2*t + 10. Let s = t + -2. What is the highest common factor of s and i?
8
Suppose g = -2*g + 90. Suppose -36 - 84 = -2*h. Let a be 3/(-2*(-2)/h). What is the highest common factor of g and a?
15
Suppose 0 = -3*y + x + 102, y - 4*y + 4*x + 93 = 0. Suppose -3*b - y = -8*b. Calculate the greatest common factor of 35 and b.
7
Let u(c) = c**2 + 6*c - 11. Let g be u(-8). Let f = g + 2. Let h = -46 - -67. Calculate the highest common divisor of h and f.
7
Let g = -3 + 8. Suppose 4*i = n + 12, 2*n - 40 = -g*i - 3*n. Let y(s) = -s**2 + 5*s - 3. Let w be y(4). What is the highest common factor of i and w?
1
Let j be (-51)/(-15) - (-6)/(-15). Let y be 10/(-2)*(j + -5). Calculate the greatest common divisor of 10 and y.
10
Suppose -4*g + 12 = 0, -o - 123 = -4*o - 5*g. Let q be 108*1*2/4. Calculate the greatest common divisor of o and q.
18
Let v(s) = -s + 6. Let p be v(-17). Calculate the highest common divisor of 23 and p.
23
Suppose -5*j - 32 = -7. Let k = 15 + j. Let w(c) = -c**3 + 9*c**2 - 5*c - 9. Let o be w(8). Calculate the highest common divisor of k and o.
5
Let v = 1 - -2. Suppose -a = v*a - 200. What is the greatest common factor of 10 and a?
10
Suppose -3*c + 254 = 5*b, 2*c = -2*c - 8. Calculate the highest common divisor of b and 13.
13
Suppose -5*u = 7*x - 2*x - 870, 0 = -3*u - 2*x + 519. Suppose -2*g + u = g. What is the greatest common factor of g and 19?
19
Suppose 0 = -5*j - 4*d + 237, -5*j - 2*d + 222 = -3*d. Let a(v) = 8*v**2 - v. Let h be a(-1). What is the highest common factor of h and j?
9
Let r(l) = l**3 + 17*l**2 - l + 22. Let j be r(-17). What is the greatest common divisor of j and 13?
13
Suppose 2*n - 49 = -1. Calculate the greatest common factor of 12 and n.
12
Suppose 2*z + 3*l + 19 = 7*z, 3*l + 5 = -2*z. Suppose z + 4 = q. Suppose -m = m - 18. Calculate the greatest common factor of q and m.
3
Let k be (-30)/(-14) - (-2)/(-14). What is the greatest common divisor of 54 and k?
2
Let z = -99 + 203. Suppose -81 = -5*g - 4*s, -s + 5 = g - 12. What is the greatest common factor of z and g?
13
Suppose 0 = 2*v + 3*k - 477, -4*k + 695 = 2*v + 213. What is the highest common divisor of 21 and v?
21
Suppose 0 = -4*k + 4*m + 124, 13 = 2*m + 3. Suppose -3 = -5*l + 87. Calculate the highest common factor of k and l.
18
Let i = 1 + 0. Let w(v) = 88*v. Let p be w(i). Suppose 25 = 3*s - 8. What is the greatest common factor of s and p?
11
Suppose 0*j + 2*j = 564. Suppose -3*b = 2*k - j + 90, 70 = k - 5*b. What is the highest common factor of k and 10?
10
Let t = 26 - 18. Calculate the greatest common divisor of t and 4.
4
Suppose -t = -4*a + t + 34, 45 = 5*a - 3*t. Let g = 19 + -13. Suppose -g*h + 168 = -2*h. Calculate the highest common divisor of h and a.
6
Let t(j) = -2*j - 3. Let r be t(-5). Let s(d) = 2 - 7*d**2 + 2*d - 4 - 7*d + 8*d**2. Let y be s(r). Calculate the greatest common divisor of y and 108.
12
Suppose 3*v - g + 12 = 41, -5*v - 3*g + 25 = 0. Suppose 0*t + 2 = 2*t. Let x = t - -7. Calculate the greatest common factor of x and v.
8
Let x = -28 + 132. What is the highest common factor of x and 26?
26
Suppose -5*l + 40 = -70. What is the greatest common factor of l and 33?
11
Suppose 3*b + 5*f - 1003 = 0, 0 = -2*b + 7*f - 2*f + 702. Calculate the greatest common divisor of b and 31.
31
Let l be (0 - 52/(-6))*9. Let n = l - 30. What is the greatest common divisor of n and 120?
24
Suppose 3 = d, s = 5*s - 5*d - 305. Suppose -s = -2*m - 0*m. What is the greatest common divisor of 4 and m?
4
Let a = 1 + 5. Let x(l) = l**2 - 3*l - 4. Let i be x(a). Let g(z) = 8*z - 1. Let v be g(1). What is the greatest common divisor of v and i?
7
Let l = 27 - 23. Suppose 7*f - l*p - 200 = 3*f, -200 = -5*f - 5*p. What is the greatest common divisor of 9 and f?
9
Suppose -2*v = h + 3, -4*h - v + 0*v = -2. Let i be -2 + h/((-3)/(-36)). Suppose -86 = -5*m + 114. Calculate the highest common divisor of i and m.
10
Let p = 6 + -1. Suppose -p*l + 986 = -h, 0 = l + 2*l + 2*h - 602. What is the greatest common divisor of 22 and l?
22
Suppose 28 = 4*k - 76. Calculate the greatest common divisor of k and 52.
26
Suppose 0*x = 2*x - 4. Let o(t) = t**3 + 2*t**2 - 2*t + 3. Let b be o(x). What is the greatest common factor of b and 165?
15
Let y(f) = -f - 2. Let x be y(-4). Suppose x*o = 5 + 3. Calculate the greatest common factor of 2 and o.
2
Let u(m) = -m - 3. Let v be u(-7). Suppose 0 = -b + v*s + 14, 0 = -5*b + 2*b + 2*s + 62. Calculate the highest common factor of 22 and b.
22
Let c(y) = -7*y**3 - 3*y**2 + 2*y - 2. Let o be c(2). Let a be (o/(-4))/(1/10). Suppose 2*s - 3*s = -15. What is the greatest common factor of a and s?
15
Let d(w) = w + 2. Let p be d(-2). Suppose -2*q + 6*q - 20 = p. What is the greatest common divisor of 10 and q?
5
Let q = 8 + -15. Suppose -2*v - 3*v - 12 = y, -4*y + 3*v = 71. Let g = q - y. What is the highest common divisor of g and 20?
10
Let j = -12 - -40. What is the greatest common divisor of j and 42?
14
Let r be ((-24)/42)/(2/(-7)). Suppose -210 = -4*p + 34. Suppose 28 + p = r*j - 5*m, -5*m = -5*j + 185. What is the greatest common divisor of 4 and j?
4
Let d be (0 - -1) + 2 + 1. Suppose u - 20 + 0 = -d*g, -4*g + 2*u = -8. Let b be (16/(-6))/((-6)/63). Calculate the greatest common factor of g and b.
4
Suppose -132*f + 128*f + 1360 = 0. Calculate the highest common divisor of 136 and f.
68
Let j be ((-264)/14)/((-12)/126). What is the highest common divisor of 22 and j?
22
Let y be (1 - 5)*(-38)/(-4). Suppose 5*v = v + 336. Let r = v + y. Calculate the greatest common factor of r and 69.
23
Let d(u) be the third derivative of -u**6/120 + 13*u**5/60 + 13*u**4/24 + 5*u**3/2 + 2*u**2. Let q be d(14). What is the greatest common factor of q and 2?
1
Suppose 2*r = 11